)/(r/(-88)) composite?
True
Suppose 0*u = -3*u + 9. Suppose -u = -4*k + 5. Suppose -d + k*d - 15 = 0. Is d composite?
True
Let x be (2/(-3))/((-2)/36). Suppose -p - 3*r + x = 0, 0 = p + 2*p - 5*r + 6. Is -2 - (p - (-282)/(-3)) prime?
True
Suppose 3*i = 4*i - 407. Is i a composite number?
True
Let d(b) = -b**3 + 6*b**2 - 4*b. Suppose w - 20 = -3*w. Let y be d(w). Suppose y*p - 89 = 66. Is p prime?
True
Let k = -7 - -5. Let c = k - -9. Is c composite?
False
Let m(j) = -j + 2. Let h be m(0). Let q(o) = 17*o - h*o + 1 + o. Is q(2) composite?
True
Suppose 4*j - 2*n - 4 = 0, 7*n = 3*j + 4*n. Suppose 0 = -j*i + 166 + 102. Is i composite?
True
Let j be 4/(-14) + (-34578)/7. Is j/(-15) + (-1)/3 a composite number?
True
Suppose 3*c + 179 = 2*c. Is c/(-2) + (-1)/2 a composite number?
False
Let v be (6/9)/((-4)/(-18)). Suppose 2*t - 204 = 7*t - v*c, 2*t - 4*c = -76. Let h = 201 + t. Is h composite?
True
Let n(m) = -m - 3. Let t be n(-3). Suppose y - 2*d - 63 = t, -5*d - 112 - 73 = -3*y. Is y a prime number?
False
Let t = 21 - 25. Is (0 - 1) + (t - -74) prime?
False
Suppose -7*k + 2*q + 9352 = -3*k, 9352 = 4*k - 4*q. Suppose 0*c + k = -2*c. Let v = -738 - c. Is v a prime number?
True
Suppose 2620 = -2*p - 2*p. Is p/(-6) + 2/(-12) a composite number?
False
Suppose -4*k - 20 + 68 = 0. Let q = k + -8. Is q a prime number?
False
Suppose 3*y - 4*o = -16, -3*y + 2*y = 2*o + 2. Let h(s) be the first derivative of -s**4/2 - 2*s**3 - s**2/2 + s + 9. Is h(y) prime?
True
Let n = -63 + -28. Let g = 55 + n. Let q = g + 85. Is q a composite number?
True
Let v(s) = -s**2 - 14*s. Is v(-11) a composite number?
True
Suppose -2 + 13 = 2*t + m, 5*m - 37 = -4*t. Let a(g) = -g**2 + 2*g - 1. Let r be a(1). Suppose -l + 435 = t*l + 5*c, -l - c + 110 = r. Is l composite?
True
Let s = 11 + -11. Is (2 + -4 - s) + 193 prime?
True
Let z(y) = -y - 2. Let l be z(-9). Let h = l - 3. Suppose -2*g - 2*d + 39 + 59 = 0, 0 = h*g - 5*d - 232. Is g a composite number?
False
Let i(a) = 37*a**2 + 8*a - 19. Is i(6) a prime number?
True
Let n = -81 + 251. Suppose -2*k + 2*r = 6*r - n, -2*r = 2*k - 162. Is k composite?
True
Let u = -6 + 4. Is 145/(u + (-2 - -5)) a prime number?
False
Let n be 1 - 30 - -3 - 4. Let k = n + 65. Is k composite?
True
Is (71 + -24)*1/(-1)*-11 a prime number?
False
Let c(o) = -o**2 - 4*o + 8. Let u be c(-5). Suppose u*b = 8*b - 70. Is b prime?
False
Suppose -5*b + 361 = -2094. Is b a composite number?
False
Let n(o) = o**3 + 5*o**2 + o + 3. Let q be (-2)/(5 + -3) + -3. Is n(q) prime?
False
Let v = 28 - 13. Suppose -7 = -2*q + b, -5*b - v - 6 = 4*q. Is (-921)/(-12) + q/4 a prime number?
False
Suppose -348 + 79 = -u. Is u a composite number?
False
Let m = 172 - 57. Is m composite?
True
Is 73 + (7 - 4) - 1/(-1) composite?
True
Suppose 0 = -c - 5*f + 96, -25 = -c - f + 83. Is c prime?
False
Let j = 285 - 190. Let t = 3 + 2. Suppose 0*x = -t*x + j. Is x prime?
True
Suppose -192 = -4*u - 4*f, -5*u = 2*f + 2*f - 241. Is u composite?
True
Suppose 3*k - 8*k + 1315 = 0. Is k a prime number?
True
Let g(y) = 4*y**2 + y + 2. Is g(-5) a prime number?
True
Let m = -13 + 9. Let y = m - -2. Is (-264)/(-10) + y/5 a composite number?
True
Let j(k) = 42*k**2 + 14*k + 7. Is j(-4) composite?
True
Let r = -2301 - -3338. Is r a composite number?
True
Let v be (0 - 1*-12) + -2. Let r = -3 + v. Suppose 2*s - 19 = r. Is s prime?
True
Let j be (-1)/(-2) - (-180)/8. Suppose p = -j + 316. Is p composite?
False
Suppose 5*t - 30 = n + 4*n, 2*t - 4*n = 20. Let f(r) = 2*r**3 + 3*r**2 - 2*r + 1. Is f(t) prime?
False
Suppose 3*f = 2*f + 3. Suppose -3*i - 3 = 0, 8*i = 4*h + f*i - 405. Suppose -5*x + x = -h. Is x prime?
False
Suppose 5*u - 5 = 0, 2*b + u + u - 398 = 0. Suppose 3*c = 4*q + 121, 6*c + 2*q - b = 2*c. Is c composite?
False
Let b(r) = -r + 4. Let c be b(6). Let w(i) = -17*i**3 + 3*i**2 + 2*i - 1. Is w(c) prime?
False
Let a(l) = 13*l**3 - 53*l**2 + 17*l + 27. Let j(c) = -3*c**3 + 13*c**2 - 4*c - 7. Let x(d) = -2*a(d) - 9*j(d). Is x(11) composite?
False
Let x(l) = 3 - 5*l**3 - 3*l - 11*l**2 + 8 + l + 4*l**3. Is x(-11) a composite number?
True
Let g(q) = q**3 + 2*q**2 - 2*q - 2. Let c be g(-2). Suppose -4*r + 10 = 3*y, y - 4*r + 9 = -9. Is -2*(c + 53/y) prime?
False
Suppose 5*n - 5*u = 4*n + 16, -11 = -n + 4*u. Is n*60/(-9) + -2 composite?
True
Let c(q) = -2*q + 3. Let y be c(-3). Suppose 2*g + 4*x + 23 = y, 0 = -2*g + 3*x + 21. Is g a composite number?
False
Suppose -9 = -3*a + 3. Suppose a*f + b + 4 = -13, f = 5*b + 22. Let u(w) = -10*w + 4. Is u(f) prime?
False
Suppose -3*f = 4*x - 82 - 276, -5*x + 446 = 3*f. Let t = x + -51. Is t composite?
False
Suppose -2*s + 5 = 3*s. Is (s - -21)*(-5)/(-5) a composite number?
True
Suppose r + 2 = 2*y, 5*y = -5*r - 2 + 22. Let o be -4 - 1/y*-2. Let a(w) = -w**3 - w**2 + 3*w + 4. Is a(o) composite?
False
Let f(i) = i**3 - 4*i**2 - 4*i. Let a be f(5). Suppose -2*q + 13 = 3*u, -2*u - 4 = a*q - 20. Suppose -155 = -u*b - 0*b + 4*d, -90 = -2*b - 4*d. Is b prime?
False
Let y(z) = -z**3 + 4*z + 2. Suppose 5*v - 15 = 0, -5*v + 8 + 17 = -2*n. Let i be y(n). Suppose 4*p - i = 5*d - 2*d, 5*p = 4*d + 135. Is p prime?
True
Let d be 6*(-1)/(2/3). Suppose -3*w - 14 = 4. Is 4/w + (-1347)/d a composite number?
False
Suppose 2*x + 54 = 2*n - 0*x, 0 = -5*n + x + 127. Suppose 2*d = 5*h - n, 5*h = 3*h + 5*d - 11. Is h prime?
True
Let a = -4 - -16. Let l = a + 25. Is l composite?
False
Suppose 22 = -4*n - 86. Is (-6)/n + 2257/9 a prime number?
True
Let u(j) = -j. Let k be u(-6). Suppose 4*g + k = 5*g. Suppose -g = m - 21. Is m a composite number?
True
Suppose -71 + 2356 = 5*t. Is t prime?
True
Let v(w) = -w**2 + 37. Let g be v(0). Let f be (-2)/7 - g/(-7). Suppose -l - f*s = -37, -2*l + 15 = 3*s - 38. Is l a composite number?
True
Suppose 2*w = 6*q - 4*q + 10, 3*w = q + 7. Let g be (w - -7) + 0 + 1. Suppose -o = g - 35. Is o prime?
False
Suppose 5*m - 10253 = -s, 2*m - 4*m + 4100 = s. Is m a prime number?
False
Suppose 20 = 4*p, -4*z - 608 = p - 3449. Is z a prime number?
True
Suppose -4*f - 5 = 3. Let d(a) = 24*a**2 + 4*a + 3. Let y(s) = -s**2 + s + 1. Let j(p) = f*y(p) + d(p). Is j(2) a composite number?
False
Suppose 4*i + 623 = 5*g, -6*i + 2*i + 520 = 4*g. Is g a composite number?
False
Suppose 395 = 4*p - 365. Suppose -b + 3*b - p = 0. Is b prime?
False
Let o = 197 - 118. Is o a prime number?
True
Suppose 5*j = 4*o - 22, 0*j = -2*j - 2*o - 16. Let p(g) = -2*g - 8. Let z be p(j). Suppose -z*b = -2*b - 106. Is b a composite number?
False
Let y be (1 + -3)/2 - -3. Let i = -259 - -140. Is y + 0 + -2 - i a prime number?
False
Let l(j) = j**2 + 7*j - 1. Is l(-8) a prime number?
True
Suppose -5*s - 5*c - 4 = 6, 0 = 4*s + c - 4. Let x be s*(52 + (2 - 3)). Is x/4*(-42)/(-9) a prime number?
False
Let v(t) = t - 1. Let o be -5*(9/(-5) + 1). Suppose -4*z + o = 0, -4*b + 2*z + 2 = -24. Is v(b) composite?
True
Suppose -6*x = -x + 3*t - 64, -2*x + t = -19. Let l = x - -36. Is l a composite number?
False
Let y = 0 - 0. Suppose 2*a - 3*g - 163 = 0, 4*g + 320 = 4*a - y*g. Is a prime?
False
Let d = -277 + 1220. Is d prime?
False
Let u(q) = q - 12. Let x be u(7). Suppose -3*k - 5 - 40 = 0. Let t = x - k. Is t a prime number?
False
Let d(i) = 5*i + 8. Let u be d(9). Suppose 3*m - 4*h = -u, -5*m - 4*h = 167 - 68. Let w = m + 52. Is w prime?
False
Let j = 831 + -419. Is j/5 + (-6)/(-10) a prime number?
True
Suppose 0 = -5*m - 20, 2*c + 2*m - 1490 = -3*m. Is c composite?
True
Suppose 4*n + 3*c = 5*n - 7, -29 = -3*n + c. Suppose 6 + n = -k. Let x = k + 75. Is x a composite number?
False
Suppose 4*s - 3*w = -13, 0 = -3*s - 3*w + 5 + 1. Let x be -2 + 7 - (s - -1). Suppose x*i - 175 = -0*i. Is i a composite number?
True
Let n(b) = 5*b**2 - 8*b + 12. Is n(-9) a composite number?
True
Suppose 24647 = 11*i - 4*i. Is i composite?
True
Suppose 3*g - 3 = 6*g - b, 4*g + 2*b = 6. Suppose g = -2*n + 7 + 3, -h + 113 = -n. Is h + (1 - 2)*3 a composite number?
True
Suppose -394 = 2*a - 104. Let k = 215 + a. Let r = k - 39. Is r a composite number?
False
Let s = -24 - -17. Let y be (-4)/(-14) - (-394)/s. Let w = -35 - y. Is w a prime number?
False
Let n(d) = -d + 2. Suppose 4*i + 2*t + 7 + 1 = 0, -2*t = -5*i + 8. Let k be n(i). Suppose 0 = k*j - 60 - 98. Is j a prime number?
True
Suppose 0*k + 12603 = 3*k. Is k com